nd derivative of -c**5/20 - c**4 - 2*c**3 - 13*c**2/2 + 3*c + 1742. Let f(z) = z - 5. Let n be f(-6). What is t(n)?
-2
Suppose u = 54 - 52. Let t(i) = 0*i**3 - i**3 + 2*i**2 - 3*i**2 + u*i**2. Determine t(-1).
2
Let f(d) = 0*d - 7 + 19 + d. Let c = 7182 + -7187. What is f(c)?
7
Let p = 17 + -7. Let c be (4/(-10))/((-2)/p). Let q(h) = -2*h**3 + 43*h**2 - 17*h. Let g(f) = f**3 - 23*f**2 + 9*f. Let a(y) = 11*g(y) + 6*q(y). Determine a(c).
6
Suppose 99 = -4*p + 131. Let h(n) = 2*n**2 - 16*n + 1. Determine h(p).
1
Let i(l) = -l**2 + 4*l - 6. Let q(s) = -s**3 - 12*s**2 - 10*s + 15. Let v be q(-11). Suppose 14 = 4*o - 0*o + x, 5*o + v*x - 12 = 0. What is i(o)?
-6
Let z(d) = -d**3 - 5*d**2 + 6*d + 1. Let a be z(-6). Let j(h) = -2*h - a - 3*h + 4*h. Calculate j(6).
-7
Let f be (2*(-3)/(-18))/((-33)/(-99)). Let c(r) = -2*r**2 - 4*r + 5. Determine c(f).
-1
Suppose 18*w + 28 = 19*w. Suppose 33*k = w*k + 50. Let l(i) = -i**3 + 11*i**2 - 10*i + 4. Give l(k).
4
Let c(d) = -2*d**2 + 8*d + 11. Let v(m) = m**2 + m. Let a(t) = c(t) + 3*v(t). Suppose -6*w - 33 = 15. Give a(w).
-13
Let t(r) be the first derivative of 1/2*r**2 + 20 - r. Determine t(-2).
-3
Let v(d) = -3*d**2 - d + 2. Let s be (-43)/9 - 12/54. Suppose -3*a - 10 = 11. Let j = a - s. Determine v(j).
-8
Let z(b) = 3*b - 6*b - 2 + 0 + 203*b**2 - 202*b**2. What is z(-2)?
8
Let r(b) be the second derivative of -b**5/20 - 13*b**4/12 + 13*b**3/6 - 3*b**2 + 470*b. Give r(-14).
8
Suppose -i + r - 1 - 5 = 0, 2*r = 2. Let a be i - 6/(-2) - -5. Suppose 5*h - a = 7. Let q(b) = b - 2. Determine q(h).
0
Suppose -22*a + 70 = 26. Let y(w) = 7*w**3 + 7*w + 4. Let m(p) = 13*p**3 + 13*p + 7. Let l(v) = 6*m(v) - 11*y(v). Calculate l(a).
8
Suppose -7 - 5 = -6*o. Let m(b) = -5*b + 14. Let a be m(o). Let k(h) = -h**3 + 4*h**2 - h - 3. Calculate k(a).
-7
Suppose 9 = g + 4*n, -g - 3*n = 51 - 58. Let f(w) = 5*w**2 - 3*w + 2. What is f(g)?
4
Suppose -59*y - 2 = -57*y. Let f(g) = -20*g - 1. What is f(y)?
19
Let w = 4 + -3. Let n(h) = 4*h + 18. Let m be n(-6). Let g(v) = 2*v. Let j(q) = q. Let b(a) = m*g(a) + 15*j(a). Calculate b(w).
3
Let g(j) = 3*j**2 + 6*j + 5. Let c(i) = -2*i**2 - 5*i - 4. Let y(u) = 4*c(u) + 3*g(u). Let n be 3/2 - (-11 - (-168)/16). What is y(n)?
-1
Let i(w) = 18 + 50*w - 9 - 10 - 56*w. Let d be (2/(-3))/(1/3). Determine i(d).
11
Let r(p) = 4*p - 1. Let x be 4 + 2/4*-8. Calculate r(x).
-1
Let t(g) = 16 - g - 33*g**3 + 9*g**3 + 14*g**3 + 11*g**3. Determine t(0).
16
Suppose 8*m - 12 = 4. Let k(d) = 49*d + m + 12 - 50*d. Give k(0).
14
Let j(b) = b**2 + b. Let c be (2 - (-3 - -2))*45/(-27). What is j(c)?
20
Let n(w) = 2*w + 3. Let a(v) be the second derivative of 1/6*v**3 - 5/2*v**2 + 3*v + 0. Let s be a(0). What is n(s)?
-7
Suppose -2*s + 4*f + 118 = 0, s = -4*s - 3*f + 334. Let k = s + -60. Let w(y) = -y**3 + 4*y**2 + 4*y - 1. Calculate w(k).
-6
Let i(c) = c**2 + 9*c - 9. Let f(x) = 5*x**2 + 46*x + 41. Let k be f(-8). Give i(k).
-23
Let o(y) = -y**3 - y**2 + 1. Suppose 3*x + 2*u = 40, 3*x - 2*u + 5*u - 42 = 0. Suppose -7*w = -x*w + 5. Give o(w).
-1
Let r(j) be the first derivative of j**4/4 - 4*j**3/3 - 5*j**2/2 + j - 29. Let l = 84 - 79. What is r(l)?
1
Let t(f) = -39*f**3 + 38*f**3 - 4*f - 5 - 1 - 6*f**2. What is t(-6)?
18
Let k(a) be the third derivative of a**5/60 - a**4/24 - a**3/2 + a**2. Let c be -8 - (-1)/((-315)/(-77) - 4). Determine k(c).
3
Suppose 4*r = 3*j - 18 + 1, 5*r = 4*j - 21. Let y(o) = -o**2 - 1 + 5*o + 2*o**2 + 0*o**2 + 0*o**2. Calculate y(r).
-1
Let c(q) = -22*q**3 + 14*q**2 + 14*q - 7*q**2 + 3*q + 8 + 23*q**3 - 9*q. Give c(-6).
-4
Let m(i) be the second derivative of -i**4/4 - i**3/2 + 1003*i. Suppose 0 = 4*c - 4*u + 36 - 12, -3*c = 3*u - 6. Determine m(c).
-6
Let g(u) be the first derivative of -2 + 1/2*u**2 + u**3 - 1/4*u**4 + u. Determine g(2).
7
Let r be (64/48)/(10/45). Let n(v) = -v**2 + 5*v + 9. Calculate n(r).
3
Let u be 3 + 3/(-6) + (-12)/(-8). Let s(g) = 33*g + 44*g - 69*g - 3*g**2 + 4*g**2 + u. Determine s(-7).
-3
Let a(p) be the second derivative of 1/6*p**3 - 1/60*p**5 + 1/2*p**2 - 1/24*p**4 + 0 + 5*p. Let v(d) be the first derivative of a(d). What is v(-3)?
-5
Let w(j) = -j + 1. Suppose 28 - 8 = -2*i - 2*b, 3*i - 4*b = -2. What is w(i)?
7
Let d(o) = -27 + 3 + o + 7 + o**2 + 13 + 13. Let j = -2 + 2. What is d(j)?
9
Let c(m) = 9584 - m + 9590 - 19173. Give c(-4).
5
Let g(j) = 10*j**2 - 2*j + 2. Let t(m) = 21*m**2 - 5*m + 5. Let h be 2/(-4)*(-22 - -28). Let s(v) = h*t(v) + 7*g(v). Calculate s(1).
7
Let o(c) = c - 8. Let m be ((-2)/(-3))/((-28)/(-462)). Let y be o(m). Let p(j) = -j - 1 + j**3 - y + 0*j + 7*j**2 - 5. What is p(-7)?
-2
Let p(d) be the first derivative of -2/3*d**3 + 0*d + 8 + 3/2*d**2 - 1/4*d**4. What is p(-3)?
0
Let u(k) = -k**2 + 16*k + 305. Let j be u(27). Let v(b) = b**3 - 7*b**2 - 4*b - 10. What is v(j)?
22
Let m(f) be the first derivative of 5*f - 7/3*f**3 - 7 - 1/4*f**4 + f**2. Calculate m(-7).
-9
Let q(y) = -2*y**2 - 20*y + 6. Let w(k) = -9*k - 262. Let l be w(-28). Give q(l).
6
Let z(i) be the third derivative of -i**7/180 + i**6/360 - i**5/120 + i**4/6 - 11*i**2. Let n(p) be the second derivative of z(p). Determine n(1).
-13
Let k(s) = 6 + 3 + 0 + 5 - s - 5. What is k(4)?
5
Let x(b) = b**2 - 2*b + 0 - 5*b + 8. Suppose 0 = 58*i - 59*i + 6. What is x(i)?
2
Let y = -5 + 11. Let o(s) be the third derivative of 5/6*s**3 - 1/12*s**4 + 0 + 6*s**2 + 0*s. Give o(y).
-7
Let a(g) = -5*g - 58. Let o be a(-10). Let j(n) = -n**2 - 8*n + 4. What is j(o)?
4
Suppose 0 = -5*m - 10. Let n(h) = -5*h. Let k be ((-1)/2)/(4/(-440)). Let w(t) = 70*t. Let u(d) = k*n(d) + 4*w(d). What is u(m)?
-10
Let d(t) be the third derivative of t**4/24 - 54*t**2. Suppose 2*p - 3*x - 2 = -5*x, -3*p - 2 = 4*x. Determine d(p).
6
Let d(b) = -19*b + 2. Suppose 3 = 2*s - i, 1 = s - 0*s - i. Calculate d(s).
-36
Suppose 18*q + i + 9 = 16*q, -q - 5*i = 9. Let h(g) = -g**3 - 3*g**2 + 4*g + 5. Determine h(q).
5
Let x(n) = -n**3 + 5*n**2 + 7*n + 7. Suppose j - 6 = 2*l + 10, -5*j + 45 = -3*l. What is x(j)?
13
Let x(w) be the first derivative of -w**3/3 - 7*w**2/2 - w + 162. What is x(-4)?
11
Let f(w) = -23*w + 300 - 295 + 22*w. What is f(-1)?
6
Suppose -5*o + 36 = -2*h, -o + 3*h = 5*h. Let a(c) = 5*c + o - c + 70*c**2 - 69*c**2. What is a(-4)?
6
Let d(x) = 11 - 3*x**3 - 3 - x**2 - 13 + 2*x**3 - 4 + x. Let f(u) = -u + 6. Let v be f(6). Give d(v).
-9
Let m(f) = -67*f + 539. Let x be m(8). Let p(h) = -2*h + 5. Determine p(x).
-1
Let d(h) = -h - 1. Suppose 6*l - 2 = -74. Let k(m) = -2 - 1 - 1. Let f(y) = l*d(y) + 3*k(y). Determine f(-1).
-12
Let a(r) = -r**2 + r. Suppose 0 = -3*w - 4*c + 8, -21*w + 2 = -22*w + c. Determine a(w).
0
Let s(t) = 2*t - 1. Suppose 192 = -33*r + 17*r. Determine s(r).
-25
Suppose -2*f + f + 5*i = -26, 0 = -4*f - 5*i + 179. Let v(g) = 0*g**3 - 7*g**2 - f*g + 43*g - 10 + g**3. Calculate v(7).
4
Let k(w) = 131*w**2 + 138*w**2 + w**3 - 258*w**2 + 10*w + 7. Determine k(-10).
7
Let u(v) = 6*v + 34. Suppose 42 = 41*m - 48*m. Give u(m).
-2
Let p(a) = -a**3 - 2*a**2 + 8*a + 3. Let t(c) = c**3 + c**2 - 9*c - 4. Let k(g) = 3*p(g) + 2*t(g). Give k(-5).
-4
Let s = -101 - -101. Suppose s = -3*k + 23 - 5. Let z(g) = -g**3 + 7*g**2 - 7*g + 3. What is z(k)?
-3
Let m(p) = -13*p**3 + p. Suppose -2*w - 23 + 33 = -2*g, -12 = -4*g - 4*w. Calculate m(g).
12
Let m(j) = -7*j**3 - 14*j + 11. Let i(k) = -2*k**3 - 5*k + 4. Let x = -103 - -114. Let h(o) = x*i(o) - 4*m(o). Give h(1).
7
Let g(z) = -z**3 - 4*z**2 + 2*z + 7. Let u be g(-5). Let i(l) = 2*l**2 - u*l - 2 + 7*l + 10*l + 6*l. Calculate i(2).
8
Let d(g) = -g**2 - 4. Let h(q) = 9*q + 86. Let p(z) = 4*z + 43. Let r(o) = -2*h(o) + 5*p(o). Let i be r(-20). Calculate d(i).
-13
Let g be -6*((-2)/4 + 0). Suppose -g*c = -0*c. Let d(z) be the second derivative of z**4/12 - 2*z**2 - 43*z. What is d(c)?
-4
Let l = 120 + -69. Suppose 5*x - 4*n + 38 - 148 = 0, -2*x + 3*n + l = 0. Let j = x + -18. Let q(r) = r**3 + r**2 + 10. What is q(j)?
10
Let v(y) = -3*y**2 - y + 3. Suppose -2 = 2*i - 6. Let j(x) = x**2 - x. Let z(c) = i*j(c) + v(c). Determine z(-5).
-7
Let a be ((-670)/8)/5 - 12/(-16). Let p(q) = 2*q + 25. Calculate p(a).
-7
Let p(w) = -7*w**2 + 4*w - 5. Let h(i) = i**2 - i + 1. Suppose 26 = 4*m + x - 3*x, -22 = -4*m - 2*x. Let k(t) = m*h(t) + p(t). What is 